50) + (-14988)/(-30)?
9
Suppose -k + 6*y - 6 = 5*y, 5*y + 5 = -2*k. Let r(u) be the second derivative of -17*u**3/6 + 11*u**2 - 4*u. What is the tens digit of r(k)?
0
Let p(z) = 195*z + 9. Let c = 104 - 95. Let v be c/6*8/12. What is the hundreds digit of p(v)?
2
Let b be (248/16 - -9)/((-4)/16). Suppose 2*p - 603 = -155. Let u = p + b. What is the hundreds digit of u?
1
What is the thousands digit of ((-10)/8)/((-36)/214128) - 2?
7
Let z = -4702 - -10561. What is the units digit of z?
9
Let z(i) = 7*i**2 - 20*i + 6. Let k(j) = 8*j**2 - 21*j + 6. Let f(r) = 5*k(r) - 6*z(r). Let h be f(7). Suppose -97 = -q + h. What is the units digit of q?
8
Suppose -c = d - 595 - 97, 5*c = d + 3466. What is the tens digit of c?
9
Let a be 5 + (-4)/14 + (-825)/77. Let x(l) = -4*l**3 - l**2 + 2*l - 6. What is the tens digit of x(a)?
1
Let w(t) = t**2 + 2*t + 73. Let m be w(-14). Let x = 56 + m. What is the tens digit of x?
9
Suppose 58580 = 3*n + 5*b - 9*b, -3*n + 58587 = -3*b. What is the thousands digit of n?
9
Let y = 61 - 77. What is the hundreds digit of (-3)/(2246/(-3342) + y/(-24))?
5
Suppose -d - 5 = 15. Let m be 5 + 0/(d/4). Suppose -5*f + 1239 = -p, -1 - 4 = -m*p. What is the hundreds digit of f?
2
Let x(a) = 201*a**3 - 4*a**2 - 47*a + 309. What is the hundreds digit of x(6)?
2
What is the units digit of (-33)/99 - (-451)/3?
0
Let b(i) = 238*i**2 - 3*i + 2. Let w be b(1). Let l = 418 - w. What is the units digit of l?
1
Let g = -41 - -95. What is the hundreds digit of ((-1560)/(-25))/((g/(-40))/(-9))?
4
Let l(h) = 77*h**2 - 3*h + 2. Let n be l(2). Let z = -252 + n. What is the tens digit of z?
5
Suppose k - 8*b + 13*b + 18 = 0, 5*b + 10 = -5*k. Suppose -g + 3 = z + 2, -12 = -5*g + k*z. What is the units digit of g?
2
Let d = 4846 - -9973. What is the hundreds digit of d?
8
Let p(w) = 212*w**2 + 5*w - 474. What is the units digit of p(9)?
3
Let c(j) = j**2 - 14*j + 16. Let q be c(13). Let h(i) = -2*i + 19. Let p be h(q). What is the units digit of (p - 9) + -1 + 93?
6
Let b(t) = 3*t**2 - 11*t + 14. Let r be b(-6). Let g = r + -56. Suppose -x + 123 = z, 4*z + 0*z = -x + g. What is the units digit of x?
0
Let b(u) = -34*u**2 + 24*u + 54. Let p be b(-2). What is the units digit of ((-3)/6 - p/20) + 1806?
2
Let k(n) = n - 8. Let a be k(10). Suppose a*v + 1067 = 5*f, -343 = -2*f + 2*v + 85. Let p = -80 + f. What is the units digit of p?
3
Let v be 3 + 16*(-2)/8*-3. Suppose -8*l = -v*l + 21. What is the units digit of (-1)/l - 427/(-3)?
2
Let y be (12/(-3) + -67)/(2 + -1). Let o = y + 78. What is the units digit of o?
7
Let u(d) = -125*d**2 - 134*d**2 + 3*d**3 + 244*d**2 - 2*d**3 - 120 + 14*d. What is the tens digit of u(19)?
9
Let i = 10196 + -6057. What is the tens digit of i?
3
Suppose -60*g + 62*g = 30352. Suppose -g = 109*i - 123*i. What is the thousands digit of i?
1
Suppose 0 = 67*b - 265*b + 8987418. What is the tens digit of b?
9
Let z = -533 - -507. Let o(a) = a**2 + 10*a - 2. Let q be o(7). Let d = q + z. What is the tens digit of d?
9
Let a(x) = x**2 - 27*x + 2. Let c be a(27). Suppose -10*u + c*u = -112. Suppose u*g = 17*g - 780. What is the hundreds digit of g?
2
Let b(o) be the first derivative of o**4/4 + 2*o**3/3 - 15*o**2/2 + 15*o - 84. What is the hundreds digit of b(5)?
1
What is the ten thousands digit of (-27215)/(-80)*8*6?
1
Let o(a) = -4*a**2 - 11*a - 14. Let r(s) = 19*s**2 + 55*s + 69. Let h(p) = -11*o(p) - 2*r(p). Let t be h(-8). Let i = t - 222. What is the tens digit of i?
9
Suppose 4*x - 11 = -5*o, 3*x - 4*x - o + 2 = 0. Let u(h) = -362*h + 4. What is the tens digit of u(x)?
6
Let k(r) be the first derivative of r**3/3 + 3*r**2 - 57*r + 266. What is the tens digit of k(-13)?
3
Let p be (-22 - -17)*(-48)/5. Let g = p + -43. Suppose 0 = 5*u + 20, -y + 216 = 3*y + g*u. What is the units digit of y?
9
Let q = 89 - 91. What is the tens digit of q/(5*8/(-9420))?
7
Suppose 3*k - 90278 = -5*s + 74474, k = -3*s + 98844. What is the thousands digit of s?
2
Let g(x) = -3*x - 15. Let n be g(14). Let a = -54 - n. Suppose -l + 126 = -q, 0*l + l = -a*q + 126. What is the tens digit of l?
2
Let i be (-32 + 5)/((-1)/(-8)). What is the tens digit of 9*(-16)/i - (-250)/3?
8
Suppose 23*w = 7*w + 63617 + 120015. What is the tens digit of w?
7
Let i(o) be the first derivative of 2*o**2 - 11*o - 40. Let r be i(-8). Let n = r + 184. What is the units digit of n?
1
Let a(y) = -25809*y - 138. What is the hundreds digit of a(-2)?
4
Suppose -12*j + 16*j = 8. Suppose -92 - 220 = -j*k. What is the tens digit of k?
5
Let s(o) = -256*o - 866. What is the thousands digit of s(-20)?
4
Let a = 0 - 0. Suppose 9*g - 22 = 230. Suppose a = -i + 3*r + r + g, -40 = -2*i + 4*r. What is the tens digit of i?
1
Let w = -516 - -540. What is the hundreds digit of (291/6 + 7)/(9/w)?
1
Suppose 12*x - 136 - 44 = 0. What is the hundreds digit of 3/5 + 2121/x?
1
Suppose -3 = -3*c + 3, -g + 22 = 2*c. Let v(o) = o**2 - 4*o + 45. Let z be v(g). Suppose 0 = 6*b + 3*b - z. What is the tens digit of b?
3
Let u = 64 - 32. Suppose 0 = -3*j - u + 17. What is the units digit of j/(-5) - -1 - 1?
1
Let x be (6/8)/(24/608). Let g(v) = -v**3 + 20*v**2 + 4*v - 35. What is the units digit of g(x)?
2
What is the tens digit of ((-20)/15)/(-6 - 72940/(-12159))?
5
Let n(w) = -2*w + 2. Let x be n(3). Suppose 2*y + 3*r - 63 = 0, -4*r - 26 = -0*y - y. What is the hundreds digit of (-45)/y + ((-454)/x - -1)?
1
Suppose -5*v = 20, 0*v = -2*j + v + 4. Suppose -5*f + 0*f - 70 = j. What is the tens digit of (-2606)/(-30) + f/(-105)?
8
Suppose 186*t = 108*t + 1048086. What is the ten thousands digit of t?
1
Suppose -173*y + 176*y = 1446. Suppose -12*w + 9*w = 3, w = r - y. What is the hundreds digit of r?
4
Suppose 6*k - 25 = -79. Let w be (-44)/(-12) + -3 - 3/k. What is the units digit of w/((8/(-12))/(-2))?
3
Suppose 0 = 3*c + c - 3*q + 36, 4*c - 5*q = -28. Let p be (-13 + 1)*-13*(-6)/c. Suppose 2*g = -3*w + p, 3*g - 156 = 2*w - 65. What is the units digit of g?
3
Suppose 0 = 5*n + 1198 + 1262. Let d = n - -1078. What is the hundreds digit of d?
5
Let j = 6183 + -3976. What is the thousands digit of j?
2
Let f = -3054 - -4403. What is the hundreds digit of f?
3
Suppose -23*a + 34*a = 20196. Let u = a - 1232. What is the tens digit of u?
0
Let w = -2586 - -1764. Let v = w - -1751. What is the tens digit of v?
2
Suppose -4398 = -2*j + 2*t, 4*j + t - 8155 = 641. What is the units digit of j?
9
Let m(z) = z**2 + 4*z - 2. Let i be m(-5). Let r(p) = -66*p + 3. Let s(t) = -4*t + 1. Let b(d) = -r(d) + 5*s(d). What is the hundreds digit of b(i)?
1
What is the ten thousands digit of 780438/21 - (-1 + 240/42 + -5)?
3
Let u(p) = p**3 + 8*p**2 + 7*p + 15. Let r be u(-6). Suppose 0 = 51*l - r*l - 2316. What is the tens digit of l?
8
Let p = 14180 - 6092. What is the hundreds digit of p?
0
What is the units digit of (-6)/9*(-42)/4 - (-9463 - -9)?
1
Let h(a) = -a**2 - 22*a - 2. Let r be h(-19). Let m = r - 53. Suppose c + m*c = 15, -64 = -4*i + 4*c. What is the units digit of i?
1
Let m = -654 - 45. Let w = -381 - m. What is the hundreds digit of w?
3
Let i(h) = 2*h + 6. Let p be i(-6). Let a(x) = -2*x**3 - 7*x**2 - 17*x - 32. What is the hundreds digit of a(p)?
2
Let m = -169 - -167. Let f(w) = -8*w**3 + w**2 + w - 1. What is the units digit of f(m)?
5
Let b(x) = 24*x**2 - 63*x + 940. What is the tens digit of b(19)?
0
Let n be (-2 - (-28)/6)*-21. Let c be n/140*5*-1. Suppose 81 = 5*i + c*t - t, 5*i - 73 = -3*t. What is the units digit of i?
7
Suppose -4*o - 4*y + 9*y = -48309, -15 = 3*y. What is the thousands digit of o?
2
Let r(g) = 346*g - 1565. What is the units digit of r(39)?
9
Let p(v) = v**3 + 30*v**2 + 48*v - 41. Let l(g) = g**3 - g**2 - g - 1. Let x(u) = -2*l(u) + p(u). What is the hundreds digit of x(33)?
5
Suppose 3*t = 5*w - 17 - 10, 2*w - t = 11. Let o(x) = x**2 - 384 + w*x**3 - 2*x + 189 + 191. What is the hundreds digit of o(3)?
1
Suppose 39033 = 3*j + g, -7*g + 11*g = -j + 13033. What is the units digit of j?
9
Let z(m) = -46*m - 17. Let j be z(-1). Suppose j*y = -2*y + 9920. What is the tens digit of y?
2
Let l be (1/(-5))/(25/(-125)). What is the units digit of (46 + -3 - l) + 2?
4
Let l(s) = 2*s**3 + 9*s**2 + 54*s - 227. What is the hundreds digit of l(23)?
1
Suppose 1697 - 5113 = -4*m. Let r = m +